{"id":61,"date":"2019-01-20T18:57:42","date_gmt":"2019-01-20T18:57:42","guid":{"rendered":"http:\/\/test.tichavcela.cz\/?page_id=61"},"modified":"2020-10-26T22:42:28","modified_gmt":"2020-10-26T22:42:28","slug":"home","status":"publish","type":"page","link":"https:\/\/tichavcela.cz\/","title":{"rendered":"\u00davod"},"content":{"rendered":"<div class=\"col-md-5\">\n<h3>Kdo jsme?<\/h3>\n<p>Rodina v\u010dela\u0159\u016f, kde ka\u017ed\u00fd z n\u00e1s, stejn\u011b jako v\u010dely v \u00falu, m\u00e1me svoji funkci. S chovem v\u010del m\u00e1me bohat\u00e9 zku\u0161enosti, jeliko\u017e v\u010dela\u0159\u00edme ji\u017e <strong>des\u00edtky let<\/strong>.<br \/>\n<strong>Rodinn\u00e9 v\u010dela\u0159stv\u00ed<\/strong> TICH\u00c1 V\u010cELA se nach\u00e1z\u00ed na \u00fazem\u00ed Pardubick\u00e9ho kraje. Star\u00e1me se o v\u00edce jak 100 v\u010delstev na \u0161esti stanovi\u0161t\u00edch s r\u016fzn\u00fdmi zdroji nektaru \u010di medovice. V\u010dely m\u00e1me um\u00edst\u011bn\u00e9 v ko\u010dovn\u00fdch vozech, co\u017e n\u00e1m umo\u017e\u0148uje p\u0159esunout na\u0161e v\u010dely i k dal\u0161\u00edm zdroj\u016fm sn\u016f\u0161ky.<br \/>\nSv\u00fdm z\u00e1kazn\u00edk\u016fm nab\u00edz\u00edme med a dal\u0161\u00ed v\u010del\u00ed produkty <strong>pouze od na\u0161ich v\u010del<\/strong>. M\u016f\u017eeme tak zaru\u010dit jejich kvalitu.\n<\/div>\n<div class=\"col-md-6 col-md-offset-1\"><img loading=\"lazy\" decoding=\"async\" src=\"http:\/\/test.tichavcela.cz\/wp-content\/uploads\/2019\/01\/sklenice-300x208.png\" alt=\"\" width=\"438\" height=\"304\" class=\"wp-image-104 alignright\" srcset=\"https:\/\/tichavcela.cz\/wp-content\/uploads\/2019\/01\/sklenice-300x208.png 300w, https:\/\/tichavcela.cz\/wp-content\/uploads\/2019\/01\/sklenice.png 621w\" sizes=\"auto, (max-width: 438px) 100vw, 438px\" \/><br \/>\n<center><a href=\"http:\/\/www.mlspardubickehokraje.cz\/\" target=\"_blank\"><img decoding=\"async\" src=\"https:\/\/tichavcela.cz\/wp-content\/uploads\/2020\/10\/mls_transparent.png\" alt=\"MLS\" style=\"width:150px;height:113px\" \/><\/a><\/center>\n<\/div>\n","protected":false},"excerpt":{"rendered":"<p>Kdo jsme? Rodina v\u010dela\u0159\u016f, kde ka\u017ed\u00fd z n\u00e1s, stejn\u011b jako v\u010dely v \u00falu, m\u00e1me svoji funkci. S chovem v\u010del m\u00e1me bohat\u00e9 zku\u0161enosti, jeliko\u017e v\u010dela\u0159\u00edme ji\u017e des\u00edtky let. Rodinn\u00e9 v\u010dela\u0159stv\u00ed TICH\u00c1 V\u010cELA se nach\u00e1z\u00ed na \u00fazem\u00ed Pardubick\u00e9ho kraje. Star\u00e1me se o v\u00edce jak 100 v\u010delstev na \u0161esti stanovi\u0161t\u00edch s r\u016fzn\u00fdmi zdroji [&hellip;]<\/p>\n","protected":false},"author":1,"featured_media":131,"parent":0,"menu_order":0,"comment_status":"closed","ping_status":"closed","template":"","meta":{"footnotes":""},"class_list":["post-61","page","type-page","status-publish","has-post-thumbnail","hentry"],"_links":{"self":[{"href":"https:\/\/tichavcela.cz\/index.php\/wp-json\/wp\/v2\/pages\/61","targetHints":{"allow":["GET"]}}],"collection":[{"href":"https:\/\/tichavcela.cz\/index.php\/wp-json\/wp\/v2\/pages"}],"about":[{"href":"https:\/\/tichavcela.cz\/index.php\/wp-json\/wp\/v2\/types\/page"}],"author":[{"embeddable":true,"href":"https:\/\/tichavcela.cz\/index.php\/wp-json\/wp\/v2\/users\/1"}],"replies":[{"embeddable":true,"href":"https:\/\/tichavcela.cz\/index.php\/wp-json\/wp\/v2\/comments?post=61"}],"version-history":[{"count":17,"href":"https:\/\/tichavcela.cz\/index.php\/wp-json\/wp\/v2\/pages\/61\/revisions"}],"predecessor-version":[{"id":341,"href":"https:\/\/tichavcela.cz\/index.php\/wp-json\/wp\/v2\/pages\/61\/revisions\/341"}],"wp:featuredmedia":[{"embeddable":true,"href":"https:\/\/tichavcela.cz\/index.php\/wp-json\/wp\/v2\/media\/131"}],"wp:attachment":[{"href":"https:\/\/tichavcela.cz\/index.php\/wp-json\/wp\/v2\/media?parent=61"}],"curies":[{"name":"wp","href":"https:\/\/api.w.org\/{rel}","templated":true}]}}

Úvod

<div class="col-md-5">
<h3>Kdo jsme?</h3>
<p>Rodina včelařů, kde každý z nás, stejně jako včely v úlu, máme svoji funkci. S chovem včel máme bohaté zkušenosti, jelikož včelaříme již <strong>desítky let</strong>.<br />
<strong>Rodinné včelařství</strong> TICHÁ VČELA se nachází na území Pardubického kraje. Staráme se o více jak 100 včelstev na šesti stanovištích s různými zdroji nektaru či medovice. Včely máme umístěné v kočovných vozech, což nám umožňuje přesunout naše včely i k dalším zdrojům snůšky.<br />
Svým zákazníkům nabízíme med a další včelí produkty <strong>pouze od našich včel</strong>. Můžeme tak zaručit jejich kvalitu.
</div>
<div class="col-md-6 col-md-offset-1"><img loading="lazy" decoding="async" src="http://test.tichavcela.cz/wp-content/uploads/2019/01/sklenice-300x208.png" alt="" width="438" height="304" class="wp-image-104 alignright" srcset="https://tichavcela.cz/wp-content/uploads/2019/01/sklenice-300x208.png 300w, https://tichavcela.cz/wp-content/uploads/2019/01/sklenice.png 621w" sizes="auto, (max-width: 438px) 100vw, 438px" /><br />
<center><a href="http://www.mlspardubickehokraje.cz/" target="_blank"><img decoding="async" src="https://tichavcela.cz/wp-content/uploads/2020/10/mls_transparent.png" alt="MLS" style="width:150px;height:113px" /></a></center>
</div>

<p>Kdo jsme? Rodina včelařů, kde každý z nás, stejně jako včely v úlu, máme svoji funkci. S chovem včel máme bohaté zkušenosti, jelikož včelaříme již desítky let. Rodinné včelařství TICHÁ VČELA se nachází na území Pardubického kraje. Staráme se o více jak 100 včelstev na šesti stanovištích s různými zdroji [&hellip;]</p>
