{"id":600,"date":"2023-03-19T00:51:17","date_gmt":"2023-03-19T00:51:17","guid":{"rendered":"http:\/\/tichavcela.cz\/?page_id=600"},"modified":"2026-04-08T18:02:24","modified_gmt":"2026-04-08T18:02:24","slug":"aktuality-2","status":"publish","type":"page","link":"https:\/\/tichavcela.cz\/index.php\/aktuality-2\/","title":{"rendered":"Aktuality"},"content":{"rendered":"<h2 style=\"margin-bottom: 5px; line-height: 1.0;\">Pozv\u00e1nka do v\u010del\u00edho parku<\/h2>\n<div style=\"color: #666666; margin-bottom: 10px;\">Publikov\u00e1no <b>8. dubna 2026<\/b><\/div>\n<p>P\u0159ij\u010fte s\u00a0n\u00e1mi oslavit Mezin\u00e1rodn\u00ed den v\u010del v <strong>sobotu 23. kv\u011btna 2026<\/strong> na na\u0161\u00ed v\u010delnici v\u00a0obci Mal\u00e1 \u010ceperka.<\/p>\n<p><strong>Otev\u00edrac\u00ed doba: <\/strong>10:00 \u2013 16:00<br \/>\n<strong>Kdo m\u016f\u017ee p\u0159ij\u00edt:<\/strong> d\u011bti i dosp\u011bl\u00ed<br \/>\n<strong>Vstupn\u00e9:<\/strong> dobrovoln\u00e9<br \/>\n<strong>Kde n\u00e1s najdete: <\/strong>V\u00a0obci \u010ceperka \u2013 lokalita Mal\u00e1 \u010ceperka, sm\u011br REV\u00cdR SAHARA.<em><br \/>\n<a href=\"https:\/\/www.google.com\/maps\/place\/50%C2%B007'07.3%22N+15%C2%B044'47.4%22E\/@50.1186455,15.7445226,1213m\/data=!3m1!1e3!4m5!3m4!1s0x0:0x0!8m2!3d50.118685!4d15.746507\" target=\"_blank\" rel=\"noopener\"><strong>50\u00b007&#8217;07.3&#8243;N 15\u00b044&#8217;47.4&#8243;E<\/strong><\/a><\/em><br \/>\n<img decoding=\"async\" src=\"https:\/\/tichavcela.cz\/wp-content\/uploads\/2023\/03\/mapa-mala-ceperka.jpg\" alt=\"Mapa\" \/><\/p>\n<p><strong>Program:<\/strong><\/p>\n<ul>\n<li>Za\u010d\u00e1tek v 10:00 a 13:00 (cca 1,5 hod.)\n<ul>\n<li>P\u0159edn\u00e1\u0161ka \u201eJak se st\u00e1t v\u010dela\u0159em\u201c\n<ul><\/ul>\n<\/li>\n<li>Uk\u00e1zka pr\u00e1ce v\u010dela\u0159e<\/li>\n<li>Prohl\u00eddka v\u010del<\/li>\n<\/ul>\n<\/li>\n<li>Po cel\u00fd den\n<ul>\n<li>Nau\u010dn\u00e1 v\u010del\u00ed stezka<\/li>\n<li>Ochutn\u00e1vka medu<\/li>\n<li>Prodej v\u010del\u00edch produkt\u016f<\/li>\n<li>Ochrann\u00e9 pom\u016fcky k\u00a0zap\u016fj\u010den\u00ed<\/li>\n<\/ul>\n<\/li>\n<\/ul>\n<p><strong>UPOZORN\u011aN\u00cd: Na v\u010delnici nelze vylou\u010dit bodnut\u00ed v\u010delou, proto prohl\u00eddka v\u010delnice nen\u00ed vhodn\u00e1 pro siln\u00e9 alergiky. Alergick\u00e1 reakce na v\u010del\u00ed bodnut\u00ed m\u016f\u017ee b\u00fdt pro tyto \u00fa\u010dastn\u00edky nebezpe\u010dn\u00e1!!!<\/strong><\/p>\n<hr \/>\n","protected":false},"excerpt":{"rendered":"<p>Pozv\u00e1nka do v\u010del\u00edho parku Publikov\u00e1no 8. dubna 2026 P\u0159ij\u010fte s\u00a0n\u00e1mi oslavit Mezin\u00e1rodn\u00ed den v\u010del v sobotu 23. kv\u011btna 2026 na na\u0161\u00ed v\u010delnici v\u00a0obci Mal\u00e1 \u010ceperka. Otev\u00edrac\u00ed doba: 10:00 \u2013 16:00 Kdo m\u016f\u017ee p\u0159ij\u00edt: d\u011bti i dosp\u011bl\u00ed Vstupn\u00e9: dobrovoln\u00e9 Kde n\u00e1s najdete: V\u00a0obci \u010ceperka \u2013 lokalita Mal\u00e1 \u010ceperka, sm\u011br REV\u00cdR SAHARA. [&hellip;]<\/p>\n","protected":false},"author":1,"featured_media":0,"parent":0,"menu_order":0,"comment_status":"closed","ping_status":"closed","template":"","meta":{"footnotes":""},"class_list":["post-600","page","type-page","status-publish","hentry"],"_links":{"self":[{"href":"https:\/\/tichavcela.cz\/index.php\/wp-json\/wp\/v2\/pages\/600","targetHints":{"allow":["GET"]}}],"collection":[{"href":"https:\/\/tichavcela.cz\/index.php\/wp-json\/wp\/v2\/pages"}],"about":[{"href":"https:\/\/tichavcela.cz\/index.php\/wp-json\/wp\/v2\/types\/page"}],"author":[{"embeddable":true,"href":"https:\/\/tichavcela.cz\/index.php\/wp-json\/wp\/v2\/users\/1"}],"replies":[{"embeddable":true,"href":"https:\/\/tichavcela.cz\/index.php\/wp-json\/wp\/v2\/comments?post=600"}],"version-history":[{"count":52,"href":"https:\/\/tichavcela.cz\/index.php\/wp-json\/wp\/v2\/pages\/600\/revisions"}],"predecessor-version":[{"id":740,"href":"https:\/\/tichavcela.cz\/index.php\/wp-json\/wp\/v2\/pages\/600\/revisions\/740"}],"wp:attachment":[{"href":"https:\/\/tichavcela.cz\/index.php\/wp-json\/wp\/v2\/media?parent=600"}],"curies":[{"name":"wp","href":"https:\/\/api.w.org\/{rel}","templated":true}]}}